 29656?
337
Calculate the greatest common divisor of 83361 and 16095.
111
What is the highest common factor of 25494 and 1806?
42
What is the highest common factor of 117741 and 39?
39
Calculate the highest common factor of 609 and 6069.
21
Calculate the greatest common factor of 29154 and 678.
678
Calculate the greatest common divisor of 13864 and 2504.
8
Calculate the highest common factor of 17670 and 190.
190
Calculate the greatest common factor of 1368789 and 51.
51
What is the highest common factor of 15621 and 615?
123
What is the greatest common divisor of 383 and 3893961?
383
Calculate the greatest common factor of 168 and 560.
56
Calculate the highest common divisor of 3347 and 7.
1
What is the highest common factor of 268 and 338752?
268
Calculate the highest common factor of 690 and 32545.
115
What is the highest common divisor of 82242 and 576?
18
What is the highest common factor of 480555 and 156645?
2655
What is the highest common divisor of 99676 and 20?
4
What is the greatest common factor of 21684 and 3588?
156
What is the greatest common factor of 21952 and 1064?
56
Calculate the highest common divisor of 78678 and 4836.
186
What is the greatest common factor of 756 and 13860?
252
What is the highest common divisor of 1275 and 493?
17
What is the highest common divisor of 23343 and 651?
93
What is the highest common factor of 8141 and 28?
7
Calculate the highest common divisor of 19 and 109117.
19
What is the highest common factor of 43763 and 7362?
409
Calculate the greatest common factor of 112495 and 20385.
755
Calculate the highest common divisor of 4346 and 12349.
53
Calculate the greatest common divisor of 2180 and 237838.
218
Calculate the highest common divisor of 11748 and 2508.
132
What is the greatest common divisor of 3625 and 8555?
145
Calculate the greatest common factor of 1242 and 4374.
54
Calculate the highest common divisor of 289445 and 2379.
793
Calculate the highest common factor of 1657113 and 669.
669
Calculate the greatest common factor of 205040 and 45.
5
What is the highest common divisor of 7472 and 1600?
16
Calculate the greatest common factor of 44 and 61402.
22
What is the highest common divisor of 421 and 2032167?
421
Calculate the greatest common factor of 1290 and 18570.
30
Calculate the highest common divisor of 110398 and 382.
382
Calculate the highest common divisor of 80414 and 6696.
62
Calculate the greatest common factor of 14701 and 4331.
61
Calculate the greatest common factor of 181443 and 93.
93
Calculate the greatest common factor of 49293 and 630.
9
What is the greatest common factor of 5181 and 528?
33
Calculate the greatest common divisor of 819 and 14976.
117
Calculate the greatest common factor of 75 and 3584150.
25
Calculate the greatest common factor of 203 and 2807.
7
What is the greatest common factor of 174985 and 1580?
395
What is the greatest common divisor of 4114 and 60379?
121
What is the highest common factor of 603140 and 159?
53
Calculate the greatest common factor of 31700 and 30.
10
What is the greatest common divisor of 1022044 and 4?
4
Calculate the highest common factor of 92 and 467708.
4
Calculate the greatest common factor of 15240 and 10287.
381
What is the greatest common factor of 204 and 38454?
102
What is the highest common divisor of 294 and 190659?
147
What is the greatest common divisor of 17999 and 151016?
439
What is the highest common factor of 80869 and 103649?
1139
Calculate the highest common divisor of 12376 and 1071.
119
Calculate the greatest common divisor of 368 and 309764.
92
What is the highest common divisor of 878 and 1456163?
439
What is the highest common factor of 798 and 6042?
114
What is the highest common factor of 57656 and 224?
8
What is the highest common divisor of 2520 and 5985?
315
Calculate the greatest common divisor of 119600 and 500.
100
Calculate the greatest common factor of 10 and 5862.
2
Calculate the highest common divisor of 168 and 2031.
3
What is the greatest common divisor of 134 and 321734?
134
Calculate the highest common factor of 1329731 and 156.
13
Calculate the highest common factor of 9200 and 1800.
200
What is the greatest common divisor of 76 and 29280?
4
Calculate the greatest common divisor of 399 and 4503.
57
Calculate the highest common factor of 674272 and 608.
608
Calculate the greatest common divisor of 15 and 46335.
15
What is the highest common divisor of 291920 and 86920?
1640
Calculate the highest common factor of 7879 and 2.
1
Calculate the highest common divisor of 29 and 1752905.
29
What is the highest common factor of 189937 and 3751?
341
Calculate the greatest common divisor of 86 and 149167.
43
What is the highest common divisor of 272251 and 665?
133
What is the highest common divisor of 59 and 3127?
59
Calculate the greatest common factor of 510 and 2690.
10
What is the greatest common factor of 9 and 179919?
9
What is the greatest common divisor of 3 and 2111?
1
Calculate the highest common factor of 142584 and 936.
312
Calculate the highest common factor of 960133 and 213.
71
What is the highest common divisor of 3455491 and 13?
13
Calculate the greatest common divisor of 102 and 5423034.
102
What is the greatest common divisor of 43368 and 7800?
312
What is the greatest common factor of 59 and 179537?
59
What is the greatest common factor of 4977 and 2142?
63
What is the greatest common factor of 191233 and 4821?
1607
Calculate the greatest common divisor of 1473 and 440918.
491
What is the greatest common divisor of 70 and 9205?
35
Calculate the highest common factor of 247 and 5694091.
247
Calculate the greatest common divisor of 62196 and 18176.
284
What is the highest common factor of 13 and 25336909?
13
Calculate the highest common divisor of 5549 and 8153.
31
Calculate the greatest common factor of 4650 and 2238.
6
Calculate the highest common divisor of 2 and 1774.
2
What is the highest common factor of 51894 and 351?
27
Calculate the greatest common factor of 5609252 and 1496.
748
Calculate the highest common factor of 20 and 36494.
2
Calculate the greatest common factor of 56 and 952.
56
What is the highest common factor of 1014 and 375687?
507
Calculate the greatest common factor of 100 and 302940.
20
What is the highest common factor of 12 and 202155?
3
Calculate the greatest common divisor of 2502 and 1386.
18
What is the highest common divisor of 17721 and 165?
33
Calculate the highest common divisor of 6 and 6019110.
6
What is the greatest common divisor of 58280 and 1175?
235
Calculate the highest common divisor of 619844 and 249.
83
Calculate the highest common divisor of 89262 and 2755.
551
Calculate the greatest common factor of 1443275 and 25.
25
Calculate the greatest common divisor of 1980 and 2645610.
330
What is the greatest common factor of 2468 and 215333?
617
Calculate the greatest common factor of 1596 and 20622.
42
What is the greatest common factor of 55 and 150755?
55
Calculate the greatest common factor of 7936 and 6882.
62
What is the greatest common divisor of 24320 and 280?
40
What is the greatest common divisor of 23037 and 2667?
21
What is the highest common factor of 8092 and 1836?
68
What is the greatest common factor of 28 and 140966?
14
What is the highest common divisor of 110 and 916322?
22
What is the highest common factor of 28448 and 448?
224
Calculate the greatest common factor of 383 and 340487.
383
What is the highest common factor of 357 and 217770?
357
What is the highest common factor of 2149161 and 3045?
609
What is the greatest common divisor of 1303472 and 246?
82
What is the highest common divisor of 92 and 434838?
46
What is the highest common divisor of 686 and 182?
14
Calculate the highest common factor of 21879 and 76687.
221
What is the highest common divisor of 1196 and 243776?
52
Calculate the highest common divisor of 1818118 and 734.
734
What is the highest common divisor of 3232 and 1120?
32
What is the greatest common factor of 206 and 897439?
103
What is the greatest common divisor of 34936 and 11264?
88
What is the greatest common divisor of 81326 and 518?
518
What is the highest common factor of 15488 and 15246?
242
What is the greatest common factor of 496 and 54529?
31
Calculate the greatest common divi